is the units digit of 6478?
8
What is the ten thousands digit of 39571?
3
What is the tens digit of 1539?
3
What is the ten thousands digit of 18005?
1
What is the units digit of 1966?
6
What is the hundreds digit of 19450?
4
What is the hundreds digit of 5856?
8
What is the hundreds digit of 162652?
6
What is the units digit of 80412?
2
What is the units digit of 38432?
2
What is the units digit of 11094?
4
What is the units digit of 1092?
2
What is the ten thousands digit of 137768?
3
What is the thousands digit of 89022?
9
What is the thousands digit of 2062?
2
What is the ten thousands digit of 16989?
1
What is the units digit of 10920?
0
What is the hundreds digit of 10728?
7
What is the units digit of 7086?
6
What is the hundreds digit of 20871?
8
What is the units digit of 958?
8
What is the thousands digit of 8410?
8
What is the tens digit of 77463?
6
What is the thousands digit of 2102?
2
What is the units digit of 1570?
0
What is the tens digit of 128?
2
What is the ten thousands digit of 27392?
2
What is the units digit of 62627?
7
What is the thousands digit of 117821?
7
What is the tens digit of 70?
7
What is the hundreds digit of 1986?
9
What is the units digit of 165?
5
What is the hundreds digit of 11235?
2
What is the hundreds digit of 52658?
6
What is the thousands digit of 28070?
8
What is the tens digit of 551?
5
What is the units digit of 3813?
3
What is the tens digit of 12080?
8
What is the tens digit of 1220?
2
What is the units digit of 1689?
9
What is the units digit of 910?
0
What is the hundreds digit of 9069?
0
What is the hundreds digit of 1656?
6
What is the units digit of 18189?
9
What is the tens digit of 61978?
7
What is the thousands digit of 1522?
1
What is the thousands digit of 3309?
3
What is the tens digit of 2479?
7
What is the hundreds digit of 11920?
9
What is the thousands digit of 54664?
4
What is the hundreds digit of 2516?
5
What is the thousands digit of 10066?
0
What is the units digit of 14949?
9
What is the units digit of 4521?
1
What is the units digit of 8429?
9
What is the tens digit of 2646?
4
What is the hundreds digit of 2588?
5
What is the thousands digit of 3958?
3
What is the thousands digit of 12413?
2
What is the tens digit of 69505?
0
What is the units digit of 5389?
9
What is the units digit of 3393?
3
What is the units digit of 1616?
6
What is the tens digit of 70124?
2
What is the units digit of 3189?
9
What is the ten thousands digit of 22067?
2
What is the units digit of 349?
9
What is the ten thousands digit of 112141?
1
What is the units digit of 36243?
3
What is the hundreds digit of 856?
8
What is the units digit of 943?
3
What is the thousands digit of 5887?
5
What is the units digit of 736?
6
What is the hundreds digit of 6499?
4
What is the hundreds digit of 2252?
2
What is the units digit of 962?
2
What is the ten thousands digit of 34925?
3
What is the ten thousands digit of 63242?
6
What is the units digit of 26629?
9
What is the tens digit of 5129?
2
What is the tens digit of 15794?
9
What is the tens digit of 79355?
5
What is the tens digit of 7441?
4
What is the tens digit of 6278?
7
What is the tens digit of 691?
9
What is the tens digit of 4881?
8
What is the units digit of 94724?
4
What is the units digit of 17124?
4
What is the units digit of 44583?
3
What is the units digit of 858?
8
What is the tens digit of 18146?
4
What is the hundreds digit of 2408?
4
What is the tens digit of 19751?
5
What is the ten thousands digit of 25960?
2
What is the hundred thousands digit of 100803?
1
What is the units digit of 910?
0
What is the units digit of 11393?
3
What is the thousands digit of 2120?
2
What is the hundreds digit of 3563?
5
What is the hundreds digit of 32233?
2
What is the thousands digit of 15952?
5
What is the hundreds digit of 109979?
9
What is the units digit of 1516?
6
What is the units digit of 28303?
3
What is the tens digit of 88022?
2
What is the tens digit of 60914?
1
What is the units digit of 706?
6
What is the thousands digit of 3937?
3
What is the tens digit of 18123?
2
What is the units digit of 4985?
5
What is the units digit of 81353?
3
What is the tens digit of 621?
2
What is the units digit of 1606?
6
What is the units digit of 587?
7
What is the units digit of 10130?
0
What is the hundreds digit of 6572?
5
What is the hundreds digit of 35310?
3
What is the ten thousands digit of 17742?
1
What is the thousands digit of 5574?
5
What is the hundreds digit of 17745?
7
What is the thousands digit of 2017?
2
What is the hundreds digit of 1333?
3
What is the units digit of 14174?
4
What is the ten thousands digit of 18155?
1
What is the tens digit of 786?
8
What is the thousands digit of 3261?
3
What is the thousands digit of 5315?
5
What is the units digit of 3118?
8
What is the tens digit of 956?
5
What is the hundreds digit of 2233?
2
What is the tens digit of 1331?
3
What is the thousands digit of 6615?
6
What is the tens digit of 3973?
7
What is the units digit of 453?
3
What is the units digit of 46292?
2
What is the tens digit of 17620?
2
What is the tens digit of 3574?
7
What is the hundreds digit of 3218?
2
What is the hundreds digit of 488?
4
What is the tens digit of 170?
7
What is the hundreds digit of 2961?
9
What is the tens digit of 67607?
0
What is the units digit of 6335?
5
What is the hundreds digit of 7545?
5
What is the tens digit of 5741?
4
What is the units digit of 34838?
8
What is the tens digit of 5466?
6
What is the thousands digit of 1197?
1
What is the tens digit of 3336?
3
What is the tens digit of 497?
9
What is the hundreds digit of 8950?
9
What is the tens digit of 20912?
1
What is the hundreds digit of 15749?
7
What is the thousands digit of 2104?
2
What is the units digit of 4211?
1
What is the units digit of 6898?
8
What is the tens digit of 745?
4
What is the thousands digit of 1413?
1
What is the hundreds digit of 711?
7
What is the units digit of 4242?
2
What is the units digit of 34568?
8
What is the units digit of 858?
8
What is the thousands digit of 7073?
7
What is the ten thousands digit of 124572?
2
What is the thousands digit of 6236?
6
What is the units digit of 54312?
2
What is the tens digit of 804?
0
What is the units digit of 18455?
5
What is the ten thousands digit of 89344?
8
What is the thousands digit of 18820?
8
What is the units digit of 24282?
2
What is the hundred thousands digit of 131152?
1
What is the units digit of 27124?
4
What is the tens digit of 848?
4
What is the hundreds digit of 444?
4
What is the hundreds digit of 1722?
7
What is the units digit of 1691?
1
What is the tens digit of 6169?
6
What is the units digit of 28716?
6
What is the hundreds digit of 27149?
1
What is the units digit of 1515?
5
What is the tens digit of 477?
7
What is the thousands digit of 1616?
1
What is the hundreds digit of 703?
7
What is the thousands digit of 15911?
5
What is the units digit of 110252?
2
What is the tens digit of 559?
5
What is the thousands digit of 1059?
1
What is the tens digit of 4019?
1
What is the tens digit of 16085?
8
What is the hundreds digit of 11477?
4
What is the hundreds digit of 6222?
2
What is the thousands digit of 4465?
4
What is the tens digit of 4311?
1
What is the units digit of 8986?
6
What is the thousands digit of 6393?
6
What is the units digit of 94?
4
What is the thousands digit of 4807?
4
What is the units digit of 24326?
6
What is the units digit of 1457?
7
What is the units digit of 4250?
0
What is the thousands digit of 1581?
1
What is the units digit of 174?
4
What is the hundreds digit of 35596?
5
What is the units digit of 9162?
2
What is the units digit of 4660?
0
What is the units digit of 1587?
7
What is the hundreds digit of 73513?
5
What is the tens digit of 1678?
7
What is the tens digit of 5233?
3
What is the hundreds digit of 2898?
8
What is the units digit of 150?
0
What is the hundreds digit of 1722?
7
What is the ten thousands digit of 20670?
2
What is the tens digit of 938?
3
What is the thousands digit of 16635?
6
What is the ten thousands digit of 23924?
2
What is the tens digit of 41818?
1
What is the thousands digit of 11323?
1
What is the tens digit of 9052?
5
What is the hundreds digit of 1724?
7
What is the units digit of 785?